he prime factors of 1347240171.
3, 449080057
What are the prime factors of 111687471?
3, 7, 23, 25693
List the prime factors of 55395467.
55395467
What are the prime factors of 13762072?
2, 71, 24229
What are the prime factors of 82053641?
82053641
List the prime factors of 1001635871.
97, 10326143
What are the prime factors of 49140910?
2, 5, 7, 13, 54001
List the prime factors of 59991538.
2, 17, 1764457
What are the prime factors of 105485665?
5, 43, 490631
What are the prime factors of 53456711?
7, 11, 63113
List the prime factors of 2363176586.
2, 73, 103, 167, 941
What are the prime factors of 59784176?
2, 23, 162457
What are the prime factors of 4537191943?
131, 479, 72307
List the prime factors of 94951202.
2, 31, 953, 1607
List the prime factors of 49386334.
2, 24693167
List the prime factors of 2199111421.
13, 1723, 98179
What are the prime factors of 5837447414?
2, 2918723707
List the prime factors of 232314882.
2, 3, 29, 307, 4349
What are the prime factors of 58000515?
3, 5, 17, 227453
What are the prime factors of 33364580?
2, 5, 1668229
What are the prime factors of 3403144117?
39181, 86857
What are the prime factors of 352238600?
2, 5, 7, 311, 809
What are the prime factors of 6010838731?
499, 12045769
List the prime factors of 303702635.
5, 97, 626191
What are the prime factors of 21348831?
3, 7, 1016611
List the prime factors of 1790127536.
2, 23, 211499
What are the prime factors of 33923115?
3, 5, 753847
List the prime factors of 6187434329.
1367, 4526287
List the prime factors of 12658441.
23, 23929
What are the prime factors of 2106450502?
2, 13, 971, 83437
What are the prime factors of 1798285?
5, 359657
List the prime factors of 166568481.
3, 76163
List the prime factors of 3701453348.
2, 925363337
What are the prime factors of 1443181951?
163, 179, 49463
What are the prime factors of 32074935?
3, 5, 83, 25763
What are the prime factors of 993937047?
3, 41, 8080789
What are the prime factors of 438655004?
2, 109663751
List the prime factors of 55903210.
2, 5, 11, 47, 983
What are the prime factors of 1082401619?
13, 7723, 10781
List the prime factors of 21975165.
3, 5, 162779
List the prime factors of 257612728.
2, 31, 457, 2273
List the prime factors of 2289789424.
2, 13, 29, 379607
List the prime factors of 2605477857.
3, 868492619
What are the prime factors of 38830172?
2, 167, 58129
List the prime factors of 63455694.
2, 3, 439, 24091
What are the prime factors of 1709829017?
13, 131525309
List the prime factors of 564450037.
367, 1538011
What are the prime factors of 156498885?
3, 5, 491, 787
List the prime factors of 12940088.
2, 7, 311, 743
What are the prime factors of 33943377?
3, 13, 23, 79, 479
What are the prime factors of 1014425626?
2, 23, 29, 307, 2477
What are the prime factors of 516455383?
1601, 322583
List the prime factors of 103867190.
2, 5, 7, 109, 13613
What are the prime factors of 232927375?
5, 839, 2221
List the prime factors of 1118120699.
1459, 766361
List the prime factors of 600598592.
2, 11, 853123
List the prime factors of 305769410.
2, 5, 659, 46399
List the prime factors of 12963342.
2, 3, 7, 6299
List the prime factors of 2011728169.
11, 47, 3891157
What are the prime factors of 406451197?
406451197
What are the prime factors of 168401026?
2, 157, 271, 1979
List the prime factors of 2962575935.
5, 11, 101, 533317
What are the prime factors of 310546220?
2, 5, 31, 500881
List the prime factors of 2599168024.
2, 43, 7555721
What are the prime factors of 13557668?
2, 3389417
What are the prime factors of 21093892?
2, 157, 33589
List the prime factors of 68150574.
2, 3, 197, 19219
List the prime factors of 90113760.
2, 3, 5, 11, 5689
List the prime factors of 343994190.
2, 3, 5, 59, 109, 1783
What are the prime factors of 123782057?
7, 37, 229, 2087
What are the prime factors of 77366900?
2, 5, 13, 59513
What are the prime factors of 8210618?
2, 13, 47, 6719
What are the prime factors of 296382787?
283, 1047289
List the prime factors of 94825366.
2, 23, 89627
What are the prime factors of 1130886129?
3, 47, 683, 11743
List the prime factors of 5014496964.
2, 3, 41, 248587
What are the prime factors of 4167251?
11, 19, 127, 157
What are the prime factors of 294161116?
2, 19, 757, 5113
What are the prime factors of 4103840521?
11, 59, 6323329
What are the prime factors of 6941418?
2, 3, 11, 105173
What are the prime factors of 50028754?
2, 1699, 14723
List the prime factors of 654420838.
2, 19, 17221601
List the prime factors of 351010740.
2, 3, 5, 5850179
What are the prime factors of 650601965?
5, 13, 47, 173, 1231
What are the prime factors of 593877826?
2, 53, 443, 12647
List the prime factors of 130851490.
2, 5, 7, 11, 169937
List the prime factors of 179885335.
5, 7, 5139581
List the prime factors of 54490640.
2, 5, 37, 41, 449
What are the prime factors of 150098411?
89, 1093, 1543
What are the prime factors of 384153995?
5, 76830799
What are the prime factors of 14245474?
2, 523, 13619
What are the prime factors of 150756929?
331, 613, 743
What are the prime factors of 171218490?
2, 3, 5, 137, 41659
What are the prime factors of 262259418?
2, 3, 43709903
List the prime factors of 939266004.
2, 3, 277, 282571
List the prime factors of 4061400849.
3, 11, 271, 151381
List the prime factors of 443089647.
3, 7, 11, 13, 137, 359
What are the prime factors of 163723913?
23, 173, 1789
What are the prime factors of 3139608?
2, 3, 130817
What are the prime factors of 85961209?
85961209
List the prime factors of 163492460.
2, 5, 8174623
What are the prime factors of 126398802?
2, 3, 21066467
What are the prime factors of 36512923?
17, 67, 32057
List the prime factors of 6035565031.
4547, 1327373
What are the prime factors of 28399149?
3, 29, 53, 2053
List the prime factors of 390822404.
2, 7, 409, 34127
List the prime factors of 2821566632.
2, 1049, 336221
List the prime factors of 430063495.
5, 107, 803857
List the prime factors of 204822901.
204822901
What are the prime factors of 54462941?
13, 467, 8971
List the prime factors of 877031598.
2, 3, 17, 53, 3061
What are the prime factors of 382265975?
5, 7, 13, 168029
What are the prime factors of 124071137?
124071137
List the prime factors of 2559125208.
2, 3, 41, 953, 2729
List the prime factors of 2954911076.
2, 13, 3769, 15077
What are the prime factors of 126094054?
2, 3511, 17957
List the prime factors of 123734137.
19, 6512323
What are the prime factors of 2844387024?
2, 3, 103, 139, 4139
What are the prime factors of 27384153?
3, 9128051
What are the prime factors of 398528694?
2, 3, 7380161
List the prime factors of 2692079748.
2, 3, 239, 312887
List the prime factors of 87787769.
53, 461, 3593
List the prime factors of 44878924.
2, 11219731
List the prime factors of 308092513.
17, 59, 307171
List the prime factors of 20403146.
2, 31, 329083
What are the prime factors of 4460670663?
3, 149, 2411, 4139
What are the prime factors of 782599567?
12713, 61559
List the prime factors of 486049359.
3, 1579, 102607
What are the prime factors of 999368612?
2, 11, 19, 61, 19597
List the prime factors of 1859547738.
2, 3, 421, 857, 859
What are the prime factors of 3886983497?
3547, 1095851
List the prime factors of 2802771.
3, 311419
What are the prime factors of 66337844?
2, 199, 83339
List the prime factors of 223827403.
97, 2307499
List the prime factors of 1253770097.
14327, 87511
What are the prime factors of 11524467?
3, 31, 83, 1493
List the prime factors of 6542995.
5, 1308599
List the prime factors of 558642805.
5, 7, 29, 431, 1277
What are the prime factors of 482386354?
2, 71, 1787, 1901
What are the prime factors of 3701015534?
2, 479, 3863273
What are the prime factors of 201554779?
201554779
What are the prime factors of 1078795035?
3, 5, 4211, 5693
List the prime factors of 1225005431.
13, 17, 191, 29021
What are the prime factors of 3780894919?
2221, 1702339
List the prime factors of 1029188725.
5, 41167549
List the prime factors of 5501109938.
2, 19, 7069, 20479
List the prime factors of 34948969.
11, 71, 73, 613
List the prime factors of 1518397612.
2, 149, 2547647
What are the prime factors of 184923073?
184923073
List the prime factors of 714945244.
2, 13, 59, 467, 499
What are the prime factors of 775921880?
2, 5, 193980